 = 3*h - 18, 3*h - 68 = -2*i. Let r = i + -49. Let a = 23 + r. List the prime factors of a.
5
Let k(r) = -2058*r + 199. What are the prime factors of k(-2)?
5, 863
Suppose -16*n - 114478 + 627198 = 0. List the prime factors of n.
5, 13, 17, 29
Let l = -25 + 35. Suppose -l*i + 220 = -6*i. Suppose 11 = 2*o - i. What are the prime factors of o?
3, 11
Let a = -7 - -2. Let i(c) = 17*c**3 + 3*c**2 - 4*c. Let p be i(2). What are the prime factors of a/((-50)/5)*p?
2, 5, 7
Suppose 5*i - 12*i - 126 = 0. List the prime factors of (-2157)/i - (58/12 - 5).
2, 3, 5
Let r = -28 - -73. Suppose r = -2*c + 203. Suppose -2*q = -c + 29. List the prime factors of q.
5
Let b(h) = 13*h**3 - 18 - 10*h - 14*h**3 + h**2 - 6*h**2. Let y be b(-9). Suppose -4*k - y = -8*k. What are the prime factors of k?
3, 11
Let u be 0 + (-2)/(-5) + 6446/10. Suppose u + 238 = s. What are the prime factors of s?
883
Suppose -478904 = -16*h - 40904. List the prime factors of h.
3, 5, 73
Suppose -107*z + 67448 = -71117. What are the prime factors of z?
5, 7, 37
Let x = 36735 + -23590. List the prime factors of x.
5, 11, 239
Let v be -8 - (-184)/24 - (-1022)/(-3). Let g = v + 570. List the prime factors of g.
229
Suppose -w - 26152 = -11*w + 70288. What are the prime factors of w?
2, 2411
Suppose 0 = x - 5*x + y + 95, -4*y = 2*x - 34. Suppose -o + 12 = -4*g + 3*o, 3*g + 5*o = x. Let q = g - -39. List the prime factors of q.
2, 5
Let f(h) = -1986*h - 1644. What are the prime factors of f(-4)?
2, 3, 5, 7
Let f = -48 + 53. Suppose -4*i = -v - f, -i = 3*v + 19 - 4. Suppose -g - 50 + 75 = i. List the prime factors of g.
5
Let w = -42 + 54. Suppose -4*k + w = -4*u, 6*k + 2*u = k + 1. Let g(x) = 104*x - 6. List the prime factors of g(k).
2, 7
Let i(x) = -9*x + 74. Let s be i(8). Suppose 5*g = 2*b - 174 - 117, 0 = -s*b + 4*g + 286. List the prime factors of b.
7, 19
Let l = -308 + 304. List the prime factors of (390/18)/(l/(-36)).
3, 5, 13
What are the prime factors of (-4)/2*6033*(-199)/597?
2, 2011
Let d = 638 - 635. Suppose -4*s - d*a + 1331 + 4679 = 0, -4*s + 6012 = 4*a. List the prime factors of s.
19, 79
Let b(t) = t**3 + 10*t**2 + 17*t + 18. Let a(h) = h**3 + 9*h**2 - 8. Let n be a(-9). Let w be b(n). Let x(q) = q**2 - 8*q + 23. List the prime factors of x(w).
43
Let h(o) = 15*o + 54. Let w be h(9). Suppose -5*k + 0*z + 983 = z, -k = 4*z - w. What are the prime factors of k?
197
Let o = -21639 + 64672. List the prime factors of o.
23, 1871
Let u(l) = -l**2 - 16*l + 13. Let x(n) = 16*n - 12. Let t(b) = -3*u(b) - 4*x(b). List the prime factors of t(-9).
2, 3, 11
Suppose 3*n = 4*o - 20787, 5*n - 9511 - 6130 = -3*o. List the prime factors of o.
2, 3, 17
Suppose p + 6 = 2*p. Suppose p*b - b - 1035 = 0. Let f = b + -113. What are the prime factors of f?
2, 47
Suppose -23*i + 643639 = 44*i - 254094. What are the prime factors of i?
13399
Suppose 21 - 41 = -4*i. Suppose -276 = -3*g + 4*t + 5, i*g - 457 = t. Suppose -g = 13*r - 14*r. List the prime factors of r.
7, 13
Let v(l) = 3*l**3 + 8*l**2 + 5*l + 136. Let t(q) = 4*q**3 + 12*q**2 + 5*q + 137. Let g(b) = -2*t(b) + 3*v(b). What are the prime factors of g(0)?
2, 67
Let l be (14 + -9)*14/10. What are the prime factors of (-2)/11 + l/77*2356?
2, 107
Let g be (5/2)/(1/58). Suppose 4*d + h + 174 = -35, -4*h = -2*d - 82. Let f = g + d. What are the prime factors of f?
2, 47
Let c = -2 + 1. Let k(s) = -25*s**2 + 17*s + 43. Let a be k(-2). List the prime factors of (-4 - -3)/(((-1)/c)/a).
7, 13
Suppose -84*w + 217505 = -83551. List the prime factors of w.
2, 7
Let z(t) = 48*t - 99. Let y be z(-14). Let i = -452 - y. What are the prime factors of i?
11, 29
Let n(j) = j**2 - 53*j - 785. List the prime factors of n(-40).
5, 587
Let z be 338/6 + 2/3. Let h = 12121 + -12118. Suppose 22*b = h*b + z. What are the prime factors of b?
3
Let p(c) = 310*c**2 - 3*c + 48. List the prime factors of p(-3).
3, 13, 73
Suppose 19*h + 4524 = 3*h + 18*h. What are the prime factors of h?
2, 3, 13, 29
Let r(t) = 5*t - 13. Let h = -22 + 26. Let w be r(h). Suppose 5 = 3*m - w. What are the prime factors of m?
2
Let d(p) = 30*p + 26*p - p**2 + 4*p**3 - 53*p - 9 + 6*p**2. List the prime factors of d(5).
631
Let i = 3674 + -543. What are the prime factors of i?
31, 101
Let q(b) = -2*b**2 + b - 11. Let h be q(-5). Let j = h + 68. Suppose -5*y = j*v - 638, -2*y = v + v - 254. What are the prime factors of y?
2
List the prime factors of -11 + 20373 + -8 - 15.
11, 43
List the prime factors of (-3)/((-21)/2) + (-7)/(49/(-173570)).
2, 6199
List the prime factors of (5 - 160/30)*1*-129909.
13, 3331
Let r be ((-33)/2)/(-11) + 14/4. Suppose -2*p + r*a = -23, 5 = 2*a + 3*a. What are the prime factors of p?
2, 7
Let q = -330 - -334. Suppose -5*c - 4*y + 1465 = y, -1176 = -q*c - 3*y. What are the prime factors of c?
3, 11
Let w(n) = -n**2 + 20*n. Let o be ((-1)/(-1))/(13/260). Let j be w(o). Suppose -4*c + 243 = -5*d, 3*c - 3*d - 183 = -j*c. List the prime factors of c.
2, 31
Let b = 81 - 76. Suppose 5*m - 3*m = 5*v - 3691, 4*v = -b*m - 9145. What are the prime factors of (30/9)/((-26)/m)?
5, 47
Let g = 60 + -76. Let f be 1624/g - 1/(-2). Let r = -32 - f. What are the prime factors of r?
3, 23
Let c(r) = -3*r**3 + 4*r**2 - 2*r - 26. Let k be c(-8). Suppose 4*h - k = -7*h. Suppose -258 + h = -z. What are the prime factors of z?
2, 3
Let t(w) = 6*w**3 - 6*w**2 - 77*w + 27. What are the prime factors of t(17)?
2, 101, 131
Let a = 10641 + -3946. List the prime factors of a.
5, 13, 103
Let v(p) = 32 + 28 + 0*p + 1 + 2*p - 38. Let n(h) = -h**3 + 6*h**2 - 6*h - 1. Let y be n(5). List the prime factors of v(y).
11
Suppose 89*x + 173024 = 1892059. List the prime factors of x.
5, 3863
Let g = 293 - 100. Suppose g = -b + 476. What are the prime factors of b?
283
Let i(a) = a**2 - 19*a - 40. Let o be i(21). Suppose -o*q + 340 = 3*v - 85, 0 = q - 1. Suppose g - v = -24. List the prime factors of g.
3, 13
Suppose -l - 3*f = -4 - 4, 77 = 4*l - 3*f. Suppose -21*j + l*j + 552 = 0. Suppose 15*c - 87 = j. What are the prime factors of c?
3, 5
Suppose 264 = -2*a - a. Let g = a - -161. List the prime factors of g.
73
Suppose -8*r + r + 21 = 0. Let z be 1534/12 - (17/6 - r). Suppose 6*p = 3*f + 3*p - 393, -f + 4*p + z = 0. List the prime factors of f.
2, 3, 11
Let n be ((18/15)/(-1))/(7/175). List the prime factors of (-6)/15 + (-11982)/n.
3, 7, 19
Suppose -6*u - 533149 = -20*u + 164527. What are the prime factors of u?
2, 24917
List the prime factors of ((-6)/9 - 382760/(-12))/((-57)/(-38)).
2, 3, 443
Suppose -74*s - 3*u + 11483 = -72*s, -u + 11485 = 2*s. What are the prime factors of s?
5743
Let i(f) = 3*f**2 - 37*f + 1. Let j be i(12). List the prime factors of j/22*(-2 - 836).
419
Let j(n) = -3*n**2 + 8*n - 19. Let v be j(5). Let z = 57 + v. Suppose 5*d = 3*d - 3*x + 194, 0 = -5*d + z*x + 485. What are the prime factors of d?
97
Let s = 135 + -131. Suppose 0 = -r - 2*u + s*u + 94, -r = 2*u - 102. What are the prime factors of r?
2, 7
Let i(q) = -21*q - 77. Let w(t) = 11*t + 39. Let y(z) = -2*i(z) - 5*w(z). Let k be y(10). Let a = 325 + k. What are the prime factors of a?
2, 7, 11
Suppose 4*l + 5*n = -13, 3*l + 1 + 5 = -3*n. List the prime factors of (-1)/1*3*(-108)/l.
2, 3
Let r(x) = -3*x + 31. Let y be r(9). Suppose a + 622 = 2*h - y*a, 5*h - 1513 = 2*a. Suppose 3*p + u = h + 108, -p - u = -139. List the prime factors of p.
3, 5
Suppose -q + 30 = 2*q. Suppose 4*r - 4*m - 1640 = 0, -m - 4*m = r - 380. Suppose q = 5*k - r. What are the prime factors of k?
83
Suppose -5*t + 65595 = -20*a + 25*a, -65535 = -5*t + 5*a. List the prime factors of t.
3, 31, 47
Let i = 147 + -117. Suppose 3334 = -i*m + 32*m. Suppose -6*u + m = 209. What are the prime factors of u?
3
List the prime factors of (231/(-35))/(66/(-55330)).
11, 503
Suppose 2*u - 15 = 11. Let y(m) = m**3 + m**2 - m + 4. Let o be y(-2). Suppose 57 = o*t + u. What are the prime factors of t?
2, 11
Suppose 0 = f - 26838 - 9594. What are the prime factors of (-12)/20 + f/45?
809
Let n(f) = 24 + 17*f - 40 + 21. Suppose -5*g + 12*g - 42 = 0. List the prime factors of n(g).
107
Let k be 190/(-25) - (-3)/15*3. Let n(r) = -2*r**3 - 11*r**2 - 25*r - 8. List the prime factors of n(k).
2, 157
Let u(d) = 6*d**2 - 1. Let a be u(-1). Suppose 2*k - a*o = 813, -o + 576 